 is divided by 1/4 + (-306)/(-48)*2.
9
Suppose 3*v = -a + 24 - 6, -3*v = 18. Calculate the remainder when 6263 is divided by a.
35
Let d = 4 - 0. Suppose -7*b = 84 - 266. Suppose d*m - b = 10. What is the remainder when 26 is divided by m?
8
Let a = -277 + 478. Let q = -154 + a. What is the remainder when q is divided by 18?
11
Suppose -3*i - 4*a = -216, -4*i + 2*a + 173 = -93. What is the remainder when 122 is divided by i?
54
Let t(w) = 3*w**3 + 187*w**2 + 241*w - 29. Calculate the remainder when 333 is divided by t(-61).
25
Let r be ((-14)/(-4))/(1*(-2)/(-32)). Let j = -24 - -87. Let f = j - r. What is the remainder when f is divided by 5?
2
Let j = 54 - 63. Calculate the remainder when 15 is divided by ((-99)/2)/j*(-12)/(-33).
1
Let q be ((-384)/(-240))/(8/10). Suppose 18 = 2*z + z. What is the remainder when 8 is divided by 7 - (q - 2 - (5 - z))?
2
Let w be (2*5/(-10))/((-3)/84). Let x(h) = -h**3 + 29*h**2 - 14*h - 27. What is the remainder when x(w) is divided by 23?
20
Suppose 0 = -5*r + 20, -3*w + 6 = -3*r + 120. Let n(u) = -2*u + 130. What is the remainder when n(-4) is divided by 2*(-1)/(-2) - w?
33
Suppose -2*z = 3*z + 130. Let m = -18 - z. What is the remainder when m/(4/22 - 0) is divided by 9?
8
Let m(h) = -12*h**3 - h**2 - h. Let u(c) = -3*c**3 + 15*c**2 + 9. What is the remainder when m(-1) is divided by u(5)?
3
Suppose -12 = -6*w + 36. Suppose -y = w*y - 135. Calculate the remainder when 42 is divided by y.
12
What is the remainder when 2456 is divided by (184 - 0 - (70/5 - 20)) + 0?
176
Let n(c) = 36*c + 3. Let x(y) = -9*y - 1. Let w(g) = 5*n(g) + 21*x(g). Calculate the remainder when w(-3) is divided by 5.
1
Let u = -3247 - -3252. Calculate the remainder when 151 is divided by u.
1
Suppose 44*n - 3416 = -17*n. Calculate the remainder when 551 is divided by n.
47
Let i(v) = -72*v - 1. Let k be i(-1). Let j(h) = h**2 - 15*h + 80. Let g be j(12). Let c = k - g. What is the remainder when c is divided by 6?
3
Let d = -4233 - -4272. What is the remainder when 286 is divided by d?
13
Suppose 6*t = 11*t + 60. What is the remainder when (-3087)/21*16/t is divided by 64?
4
Suppose x = 3*d + 79, -3*d = 42*x - 39*x - 249. What is the remainder when 177 is divided by x?
13
Let t = 4276 - 4257. Calculate the remainder when 948 is divided by t.
17
Let q(h) = -12*h + 2. Let d be 375/225*6/(-5)*-1. Suppose 0 = 4*j - d*u - 0*u - 6, -j = 4*u - 24. What is the remainder when q(-5) is divided by j?
2
Let d(x) = -x + 12. Suppose 57 = 6*r + 21. Let h = 25 + -14. Calculate the remainder when h is divided by d(r).
5
Suppose 2*i - 21 = 21. What is the remainder when (-10 + (-122)/(-7))/(36/378) is divided by i?
15
Let z = -21 - -107. Let a = 58 + -54. Suppose -5*f + 67 = a*y, -2 - 51 = -3*f + 4*y. What is the remainder when z is divided by f?
11
Let u = 12333 - 12255. Calculate the remainder when 87 is divided by u.
9
Let f = 18 - 16. Suppose g - 904 = -2*y + 767, -5*y + 2*g + 4182 = 0. Suppose f*m + y = 13*m. What is the remainder when m is divided by 11?
10
Let n(b) = -32*b - 4. Let h be n(-1). Let c = 58 - h. Calculate the remainder when 15 is divided by (-3)/(c/16)*(-4 - 1).
7
Suppose -3*y + b = -100, 2*y + 3*y + 3*b - 162 = 0. Suppose -3*z + 4*f + 22 = 0, -2*z + 5*f - 3 = -20. What is the remainder when y is divided by z?
3
Let f be (-3423)/(-27) + -8 + (-2)/(-9). What is the remainder when f + (4 + -1 - -3) is divided by 21?
20
Suppose 47*u = 2783 - 621. What is the remainder when u is divided by 34?
12
Suppose 0 = -2*j - 0*j + 44. Let m(r) = -r**2 + 14*r - 48. Let g be m(7). What is the remainder when -5 + g + 46 + -2 is divided by j?
18
Let c be (5 + 0)/((-3)/(-45)). Let v = 71 - c. What is the remainder when 3/((-6)/v) + (-11 - -161) is divided by 31?
28
Let x be (-90)/(-27)*36/(-10). Let o be 3/(x/(-4)) + -10. What is the remainder when 32 is divided by (-2)/o - ((-460)/36 - 4)?
15
Suppose 104 = -4*l - 4*l. Let a(s) = -4*s - 33. Calculate the remainder when 75 is divided by a(l).
18
Let s(a) be the first derivative of -a**4/4 + 10*a**3/3 + 7*a**2/2 + 6*a - 50. What is the remainder when s(-4) is divided by 51?
49
Let v = 245 - 236. Calculate the remainder when (95 + 2)*v/9 is divided by (-2 - -3) + -2 - -21.
17
Suppose 444*x - 64*x = 62320. What is the remainder when x is divided by 3?
2
Let f(l) = -l + 103. Suppose 0 = 41*p - 42*p + 135. Let q = p - 100. What is the remainder when f(0) is divided by q?
33
Let r = -6 - -17. Let i be (-3800)/(-12)*(-60)/(-50). Let o = 432 - i. What is the remainder when o is divided by r?
8
Let j = 259 + -96. Suppose 0 = 20*t - 443 + j. What is the remainder when t is divided by 6?
2
Suppose -5*k + 5*v + 1505 = 0, -v = 4*k - 1532 + 313. Calculate the remainder when k is divided by 105.
94
Let u(y) = 11*y**2 - 18*y - 29. Let f(j) = -2*j**2 + j + 1. Let x(v) = 5*f(v) + u(v). Calculate the remainder when 108 is divided by x(-3).
12
Let z(g) = -g**3 - 3*g**2 - 2*g - 3. Let t be z(-3). Let i be ((-8)/t + 2)*21. Let j = 98 - i. Calculate the remainder when j is divided by 23.
20
Let v(w) = -2*w**3 - 27*w**2 + 11*w - 24. Calculate the remainder when 799 is divided by v(-14).
7
Let p(a) = -3*a**3 + a**2 + 4*a. Let k(u) = 16*u - 60. What is the remainder when p(-3) is divided by k(5)?
18
Suppose -283 = -21*u + 327 - 442. Let x(y) = y**2 + 7*y + 8. Suppose 2*d = 2*n - 5*n - 8, -20 = -4*d. Calculate the remainder when u is divided by x(n).
0
Let o(h) = -h**3 - 22*h**2 + 31*h - 344. What is the remainder when 893 is divided by o(-24)?
61
Suppose 0 = 10*x + 792 - 92. What is the remainder when 142 is divided by ((-7)/x*-4)/((-2)/150)?
22
Suppose -28*y + 9*y + 76 = 0. What is the remainder when 6 + (8 - -31 - y) is divided by 14?
13
Suppose -7*w = -21*w + 13*w + 309. What is the remainder when 1248 is divided by w?
12
Let h = -3338 + 3513. Calculate the remainder when h is divided by 59.
57
Suppose 24*v + 2*v + 48*v - 41514 = 0. What is the remainder when v is divided by 119?
85
Let v = 28884 - 28845. Suppose k - 6 = 4*t + 30, 0 = 4*k + t - 229. Suppose 0*i = 4*i - k. What is the remainder when v is divided by i?
11
Suppose -230*q + 179*q = -20043. Calculate the remainder when q is divided by 171.
51
What is the remainder when 2173 is divided by 1115/(-1784)*(-16)/1?
3
Let w(r) = -r**2 + 25*r - 8. Let d(v) = 503*v + 2588. What is the remainder when d(-5) is divided by w(24)?
9
Let s be (3/6)/((-6)/(-2304)). Suppose -16*o + s = -528. Calculate the remainder when o is divided by 23.
22
Let t(v) = -107*v - 8616. Suppose 0*r = -3*r + 60. Calculate the remainder when t(-82) is divided by r.
18
Let k(y) = -y**3 - 5*y**2 + 2*y - 9. Let c be k(4). Let m = 260 + c. Let v = 59 - 42. What is the remainder when m is divided by v?
13
Let p = -21743 - -21989. Calculate the remainder when p is divided by 84.
78
Suppose -j = 5*l - 0*j - 355, -5*j + 305 = 4*l. What is the remainder when 299 is divided by l?
19
Let d = -4453 - -4572. What is the remainder when d is divided by 31?
26
Suppose -626*u = -385*u - 155204. Calculate the remainder when u is divided by 11.
6
Suppose -848 - 1015 = -23*n. What is the remainder when n is divided by 6 - 195/35 - (-288)/14?
18
Let o(v) = 82*v + 64. What is the remainder when o(2) is divided by 70?
18
Suppose 5*x - 204 = -24. Let l = 59 - x. Suppose 87 = 5*k - l. Calculate the remainder when k is divided by 14.
8
Let t = -9611 + 9648. What is the remainder when 169 is divided by t?
21
Let i(o) = -3*o**3 - 100*o**2 - 45*o + 68. Calculate the remainder when i(-33) is divided by 450.
14
Suppose 5*j + 2*r = 370, 112*j + 4*r + 196 = 115*j. Suppose -7*o + 5 + 184 = 0. What is the remainder when j is divided by o?
18
Let f be (-1)/((-12)/(-30))*-162. Suppose 5*l = 32*l - f. What is the remainder when 74 is divided by l?
14
Suppose -38*u + 2046 = -27*u. Let n = -161 + u. What is the remainder when 114 is divided by n?
14
Calculate the remainder when (1956/(-84))/(7/(-49)) is divided by 80.
3
Let y(r) = -383*r**3 - 18*r**2 - 21*r - 60. Calculate the remainder when y(-3) is divided by 38.
36
Let a(k) = k + 6. Let b(f) = -5*f - 23. Let w(g) = -9*a(g) - 2*b(g). Suppose z - 8 = 31. Calculate the remainder when z is divided by w(12).
3
Let b be 10*8/4 - -1. What is the remainder when 207 is divided by 627/b - (-